a(u) = k(u) + 2*m(u). Determine a(-4).
-26
Let s(h) = 5*h + 3. Let x(z) = 4*z + 1. Let a(o) = -o. Let k(d) = -3*a(d) + x(d). Let r(g) = -3*k(g) + 4*s(g). Calculate r(-7).
16
Let j(b) be the third derivative of -b**4/3 + 4*b**3/3 + 1191*b**2. Calculate j(4).
-24
Let d(b) be the first derivative of b**4/4 + 10*b**3/3 - 7*b**2/2 + 16*b + 1107. Determine d(-11).
-28
Suppose -9*b + 265 = -4*b. Let l = b - 53. Let i(n) be the third derivative of -n**6/120 - n**5/60 - 11*n**3/6 - 5*n**2. Calculate i(l).
-11
Let n = 25 + -38. Let m(o) = -19 - 28*o**3 - o - 18*o**3 - 21*o**3 + 13*o**2 - 17*o**3 + 85*o**3. What is m(n)?
-6
Suppose 3*c = c + 4*a - 24, -4*c - a - 3 = 0. Let q(h) = -h**3 + 7*h + 1. Let s(x) = -3*x**3 + 2*x**2 + 41*x + 6. Let b(o) = -6*q(o) + s(o). Determine b(c).
-14
Let z(l) = -l**3 - 14*l**2 + 124*l + 71. Let h be z(-20). Let p(y) = 20*y + 181. Give p(h).
1
Let c = -208 - -217. Let n(r) be the second derivative of -r**2 - 1/3*r**3 + 0 + 1/20*r**5 - 3/4*r**4 + 21*r. Calculate n(c).
-20
Let o(z) = -428 + 6*z - 3*z**2 + 3*z**2 + z**2 + 858 - 414. Determine o(-6).
16
Let c(r) = 7*r + 2. Suppose -5*d - 25 = 0, -10 - 1 = -s + 5*d. Let g be -2 - 172/s - (-6)/(-21). Let b be ((-12)/18)/(-2) + g/(-3). What is c(b)?
-19
Let q(p) = -3*p + 3. Let y be (36/4)/((12/(-8))/(-1)*1). Calculate q(y).
-15
Let c(k) = 12*k - 186. Let f be (57/19)/((-6)/(-30)). Calculate c(f).
-6
Let t(n) be the first derivative of n**4/4 + 2*n**3/3 - 7*n**2 - 30*n + 7862. Calculate t(-3).
3
Let z(h) be the second derivative of h**5/20 - h**4 + 5*h**3/6 - 13*h**2/2 + 32*h + 6. Determine z(12).
47
Let a(w) be the second derivative of w**4/12 - w**3/6 + 5*w**2 + w + 15. Give a(5).
30
Let c(p) be the third derivative of 37*p**4/24 - 49*p**3/6 - 2863*p**2. Calculate c(2).
25
Let y(a) = 3*a - 8. Let r = -193 + 206. Suppose -2*c = r - 27. Give y(c).
13
Let u(z) be the first derivative of -z**6/360 + z**5/40 + z**4/12 - 2*z**3/3 - 103*z - 301. Let t(o) be the third derivative of u(o). Determine t(5).
-8
Let d(f) = 5*f + 23934*f**2 + 1 + f**3 - 23947*f**2 - 9*f. Give d(13).
-51
Let q(r) be the third derivative of r**5/30 - 4*r**4/3 + 29*r**3/6 - 20*r**2 + 17. What is q(15)?
-1
Let b(n) = -69 + 37 + 33 + 4*n**3. Let i = 294 - 292. Calculate b(i).
33
Let o(m) = -m**2 - 901*m - 13 + 888*m - 19. Determine o(-9).
4
Let f(d) = 2*d**3 + 106*d - 6*d**2 - d**3 + 110*d + 14 + 1 - 222*d. Determine f(7).
22
Suppose -780 = -2*r - 764. Let z(x) = -1484*x + 742*x + x**3 + 8*x**2 + 749*x + r. Determine z(-7).
8
Let q(k) = k**2 - 9*k + 12. Let s be q(5). Let o be -1 + (-6)/(s/(-20) - 0). Let d(y) = -2*y - 35. Let j be d(o). Let n(w) = -w**3 - 3*w**2 + 2. What is n(j)?
2
Let p(z) = z. Let o = 100 + -100. Suppose o = -5*k - 11*x + 12*x - 29, -k - 2*x - 8 = 0. What is p(k)?
-6
Let z(q) = -q**3 - 11*q**2 + 23*q + 67. Let o be 135/(-12) + (-120)/180 + (-5)/60. Determine z(o).
-65
Let i = -14 + 16. Suppose i = g - 5. Let x(y) = 1115*y + 1117*y - 2233*y + 5. Determine x(g).
-2
Let u be (-15)/(6*(-20)/48). Let i(l) = -l**3 + 8*l**2 + 6*l - 15. Determine i(u).
93
Let x(q) be the first derivative of -q**4/4 + 4*q**3/3 + q**2 - q - 1164. What is x(4)?
7
Let c(h) be the second derivative of h**5/10 - 11*h**4/4 - 3*h**3 + 8*h**2 + 7701*h. What is c(17)?
-1
Suppose -2*y - 26 + 38 = 0. Suppose -y = 2*w - 8. Let l(u) = -u**2 + u - 1. Let d(f) = 3*f**2 + 2*f + 6. Let k(b) = w*d(b) + 2*l(b). What is k(-3)?
1
Let x(p) be the first derivative of 10*p**3/3 - p**2/2 + p + 1. Let z = -924 - -925. Calculate x(z).
10
Suppose -59*n - 105*n = 35*n - 2189. Let b(h) = 12*h - 99. Determine b(n).
33
Let x(p) be the third derivative of p**5/60 - 2*p**4/3 - 17*p**3/6 - 2*p**2 - 172. Determine x(16).
-17
Let g(m) = 0*m + 6*m + m + 2*m + 31 - 7*m. Give g(-5).
21
Let t(b) = -975*b - 4*b**2 - 5*b**3 + 60 - 10*b**3 - 65 + 980*b. What is t(2)?
-131
Let i(u) be the second derivative of 1 + 2/3*u**3 - 1/20*u**5 - 5/12*u**4 - 9*u - 13/2*u**2. What is i(-6)?
-1
Let n(l) be the first derivative of 3*l**2 + 4*l + 54. Give n(1).
10
Let f(r) = 9*r - 47. Suppose -51*i = 97 - 352. Give f(i).
-2
Let p(i) = -24*i - 142. Let z be p(-6). Let f(v) be the first derivative of -1/2*v**z + v + 12. Determine f(0).
1
Let b(k) = 7*k**3 + 11*k**2 - 32*k + 10. Let o(s) = -29*s**3 - 45*s**2 + 133*s - 41. Let n(i) = 25*b(i) + 6*o(i). Let d = 2 + -7. Determine n(d).
14
Let c(p) = 77 - 7*p + 28*p - 28*p + 28*p. Give c(-4).
-7
Suppose -5*w + k = -12, -10*k + 8*k = -5*w + 14. Let j(d) be the third derivative of 1/24*d**4 - 1/2*d**3 + 0 + 9*d**w + 0*d. Determine j(-3).
-6
Let k be (-5)/7 + (-34)/119. Let i(v) be the first derivative of -v**2/2 - 903. Give i(k).
1
Let g be 6/(-9) + 56/(-6). Let r(q) be the third derivative of q**5/60 + 3*q**4/8 + 7*q**3/6 - 164*q**2 - 223. Give r(g).
17
Suppose 2*n + 12 = 2*b, 9 = -5*b - 5*n + 29. Suppose 2*r + 4 = 0, 2*k - 5*r = -3 + b. Let s(l) = -3*l - 7. Give s(k).
5
Suppose g - 34 = 3*q, g - 39 = -2*q + 4*q. Let k = g - 53. Let r(a) = -a**2 - 2*a + 3. Let p be r(k). Let o(u) = -u**2 - 3*u + 6. Calculate o(p).
-4
Let h(m) be the first derivative of -1/2*m**2 + 43 + 0*m. What is h(0)?
0
Let l(m) = -m**3 - 7*m**2 - 3*m - 43. Let i(a) = -a**3 - 7*a**2 - 4*a - 43. Let h(d) = -6*i(d) + 7*l(d). Calculate h(-8).
-3
Let c be (-1113)/56 + -7 + 2/(-16). Let d = c - -30. Let r(w) = 7*w - 4 - w + 0 + 2. What is r(d)?
16
Suppose 0*a - 5*a + 30 = 0. Let o(d) = -d**3 - a*d + d**2 - 1 + 0*d**2 - 3*d**2 - 4*d**2. Let l = 136 + -141. Calculate o(l).
4
Let y(v) be the second derivative of -v**5/20 - 11*v**4/12 + 29*v**3/6 + 10*v**2 - 2*v + 732. Calculate y(-13).
-19
Let v be (6 + (-184)/32)*-40. Let w(c) = 4*c**2 + 44*c + 36. Determine w(v).
-4
Let j = 823 + -322. Suppose 487*n = j*n - 70. Let y(t) = 2*t - 18. Calculate y(n).
-8
Let q(t) = t**2 + 9*t + 7. Suppose 10*m - 467 = -87. Suppose 72 = -m*j + 29*j. Calculate q(j).
-1
Let r(i) = -6*i - 14. Suppose -30*s = -325 + 265. Give r(s).
-26
Let b(o) be the first derivative of 3*o**3 + 5*o**2/2 + o - 442. Determine b(0).
1
Let z(q) = -20 - 7 - 7*q - 13 + 21 - q**2. Determine z(-6).
-13
Let l(p) be the first derivative of -p**4/4 - 5*p**3/3 + 3*p**2/2 + 20*p - 6353. What is l(-5)?
5
Let k(d) = 2*d**3 - 5*d**2 - 6. Suppose 3 = i, -3*s = -0*s - 5*i + 3. Give k(s).
42
Let p be 13 + (11 - 28) - 1. Let o(l) = -l**3 - 5*l**2 + 3*l + 15. What is o(p)?
0
Let m be (1/(-2))/((-11)/(-44)). Let v(r) = r + 3*r + 3*r - 21*r + 1 + 8*r. Determine v(m).
13
Suppose 3*t = -a - 8, 4*t + 27 = -3*a + 3. Let i be ((-4)/10)/(6/(-1830)) - -2. Let d(w) = 1 - w**3 + i*w - 3 - 8*w**2 - 125*w. Give d(a).
6
Let h(c) = -18*c + 96. Let p be (10 + -32 + 18)/((1 + -2)*1). Give h(p).
24
Let q(n) = 2*n**2 - 11*n - 45. Let x(c) = c**2 + 3*c + 4. Let b(p) = q(p) - 3*x(p). Determine b(-16).
7
Let g(r) = -9*r - 6. Suppose 5*m = -p - 41, -4*p + 30 = -2*m - p. Let i be 4 - m/((-9)/(-4)). Let s(a) = 14*a + 9. Let j(x) = i*g(x) + 5*s(x). What is j(-2)?
1
Let b(q) = 11*q + 24 + 8*q + q**2 - 6*q - 4. Give b(-11).
-2
Let c(x) = -x**2 + 5*x + 1. Let w = 36 + -11. Let b = w + -22. Suppose -1 = -o + b. Determine c(o).
5
Let d(u) be the second derivative of u**2/2 - 2*u. Let c(q) = -155*q - 40 + 32 + 154*q. Let t(h) = -c(h) + 2*d(h). What is t(-8)?
2
Let k(b) be the third derivative of b**6/120 - 7*b**5/60 + b**4/8 + b**3/6 - 258*b**2. Let u(m) = 3*m**2 - 6. Let d be u(2). Determine k(d).
-17
Let z(d) = 5*d - 22. Let r(b) = 4*b - 12. Let l(t) = -5*r(t) + 3*z(t). Determine l(6).
-36
Let h(i) = -6*i**2 - 15*i + 8. Let s(z) = 105*z + 14591. Let y be s(-139). Calculate h(y).
-28
Let i(y) = -y - 42. Let o be i(8). Let a be o/(-8) - (-42)/56. Let k(x) = x**2 - 4*x - 10. Calculate k(a).
11
Suppose 0 = -4*a + 5*w - 2095, -3*a - 5*w = a + 2105. Let v = a + 526. Let l(n) = -3*n**3 - n**2 - 2*n + 2. Calculate l(v).
-4
Let z(u) = -u**3 + u + 3. Let d(x) = -8*x**3 - 8*x**2 - x + 41. Let j(o) = d(o) - 9*z(o). Calculate j(9).
5
Let o be 355 + (1/((-1)/(-4)) - 4). Suppose 16*b - 11*b = o. Suppose 3*a + b = 41. Let h(w) = w**3 + 9*w**2 - 9*w + 6. What is h(a)?
-4
Suppose 0 = -5*y - 2*q - 37, 57 = 26*y - 31*y + 3*q. Let p(u) = -15*u - 126. Calculate p(y).
9
Let c(k) = k**2 - 25*k + 102. Let y be c(19). Let m(p) = -3*p + 1. Determine m(y).
37
Let u(l) = -l + 18. Let y(t